32269?
23, 61
What are the prime factors of 885255?
3, 5, 7, 8431
List the prime factors of 911641.
269, 3389
What are the prime factors of 2200037?
7, 467, 673
List the prime factors of 887773.
41, 59, 367
List the prime factors of 8287086.
2, 3, 239, 5779
What are the prime factors of 775700?
2, 5, 7757
List the prime factors of 78187.
41, 1907
What are the prime factors of 445184?
2, 37, 47
List the prime factors of 2435042.
2, 1217521
What are the prime factors of 1892523?
3, 630841
What are the prime factors of 12793427?
97, 131891
What are the prime factors of 518760?
2, 3, 5, 11, 131
What are the prime factors of 765104?
2, 47819
List the prime factors of 27623909.
89, 211, 1471
What are the prime factors of 32950?
2, 5, 659
List the prime factors of 154349.
13, 31, 383
List the prime factors of 303824.
2, 17, 1117
List the prime factors of 222082.
2, 7, 29, 547
List the prime factors of 58943.
58943
List the prime factors of 1375230.
2, 3, 5, 45841
List the prime factors of 1482631.
1482631
List the prime factors of 133294.
2, 7, 9521
List the prime factors of 444388.
2, 7, 59, 269
What are the prime factors of 30440153?
193, 157721
List the prime factors of 319806.
2, 3, 109, 163
List the prime factors of 4872728.
2, 7, 87013
List the prime factors of 4931140.
2, 5, 246557
What are the prime factors of 6916176?
2, 3, 48029
What are the prime factors of 136733?
136733
List the prime factors of 878861.
37, 23753
List the prime factors of 1080568.
2, 19, 7109
List the prime factors of 448686.
2, 3, 7, 1187
What are the prime factors of 2898445?
5, 11, 151, 349
List the prime factors of 1846211.
19, 97169
List the prime factors of 311864.
2, 7, 5569
What are the prime factors of 10192699?
11, 109, 8501
What are the prime factors of 174200?
2, 5, 13, 67
List the prime factors of 2457372.
2, 3, 204781
List the prime factors of 131738.
2, 199, 331
What are the prime factors of 28359620?
2, 5, 109, 13009
List the prime factors of 2131978.
2, 53, 20113
List the prime factors of 21283141.
11, 41, 1151
List the prime factors of 119456.
2, 3733
What are the prime factors of 13329156?
2, 3, 17, 223, 293
List the prime factors of 1727671.
11, 157061
List the prime factors of 20127374.
2, 47, 277, 773
What are the prime factors of 4494434?
2, 7, 321031
List the prime factors of 8315184.
2, 3, 107, 1619
List the prime factors of 407032.
2, 83, 613
What are the prime factors of 551766?
2, 3, 91961
What are the prime factors of 856880?
2, 5, 10711
What are the prime factors of 282760?
2, 5, 7069
What are the prime factors of 762793?
19, 2113
What are the prime factors of 187388?
2, 79, 593
What are the prime factors of 197593?
11, 23, 71
List the prime factors of 198617.
31, 43, 149
List the prime factors of 11341509.
3, 3780503
List the prime factors of 5871381.
3, 47, 41641
What are the prime factors of 954573?
3, 318191
What are the prime factors of 858897?
3, 13, 2447
List the prime factors of 112885.
5, 107, 211
List the prime factors of 1427232.
2, 3, 14867
What are the prime factors of 8282574?
2, 3, 29, 41, 43
List the prime factors of 529924.
2, 17, 7793
List the prime factors of 230005.
5, 157, 293
What are the prime factors of 367224?
2, 3, 11, 13, 107
What are the prime factors of 202609?
11, 113, 163
What are the prime factors of 4350445?
5, 11, 83, 953
List the prime factors of 1888823.
1171, 1613
List the prime factors of 261754.
2, 29, 4513
List the prime factors of 82277.
13, 6329
List the prime factors of 201330.
2, 3, 5, 2237
What are the prime factors of 1408844?
2, 569, 619
List the prime factors of 435926.
2, 211, 1033
What are the prime factors of 909838?
2, 454919
List the prime factors of 196706.
2, 59, 1667
What are the prime factors of 1823202?
2, 3, 19, 1777
What are the prime factors of 8278013?
8278013
What are the prime factors of 1464473?
47, 31159
What are the prime factors of 29237865?
3, 5, 19, 173, 593
List the prime factors of 1894375.
5, 7, 433
List the prime factors of 491426.
2, 13, 41, 461
What are the prime factors of 124006?
2, 62003
What are the prime factors of 4223923?
11, 151, 2543
What are the prime factors of 119724?
2, 3, 11, 907
List the prime factors of 1016475.
3, 5, 13553
List the prime factors of 226900.
2, 5, 2269
What are the prime factors of 1591210?
2, 5, 41, 3881
What are the prime factors of 588029?
13, 45233
What are the prime factors of 12424585?
5, 2484917
List the prime factors of 25288978.
2, 11, 13, 88423
List the prime factors of 4708802.
2, 7, 48049
What are the prime factors of 6627351?
3, 2209117
What are the prime factors of 2109698?
2, 23, 45863
What are the prime factors of 139828?
2, 13, 2689
List the prime factors of 14366285.
5, 157, 18301
What are the prime factors of 7211602?
2, 19, 101, 1879
What are the prime factors of 152317?
11, 61, 227
What are the prime factors of 200443?
200443
List the prime factors of 30509.
30509
What are the prime factors of 21354200?
2, 5, 7, 2179
What are the prime factors of 14497961?
14497961
List the prime factors of 872351.
872351
What are the prime factors of 158743?
13, 12211
List the prime factors of 62850.
2, 3, 5, 419
What are the prime factors of 25836?
2, 3, 2153
What are the prime factors of 847974?
2, 3, 31, 47, 97
List the prime factors of 203600.
2, 5, 509
What are the prime factors of 10499106?
2, 3, 1749851
What are the prime factors of 2676286?
2, 743, 1801
List the prime factors of 221565.
3, 5, 14771
List the prime factors of 211420.
2, 5, 11, 31
List the prime factors of 229585.
5, 17, 37, 73
What are the prime factors of 589742?
2, 149, 1979
List the prime factors of 202107.
3, 67369
List the prime factors of 277429.
277429
List the prime factors of 8203221.
3, 13, 23371
List the prime factors of 34138.
2, 13, 101
What are the prime factors of 478772?
2, 7, 17099
List the prime factors of 1979561.
179, 11059
List the prime factors of 12754105.
5, 7, 13, 28031
List the prime factors of 17209210.
2, 5, 541, 3181
List the prime factors of 63254.
2, 31627
List the prime factors of 1111158.
2, 3, 19
What are the prime factors of 1344743?
1344743
List the prime factors of 9388393.
7, 23, 58313
List the prime factors of 21777932.
2, 11, 173, 2861
What are the prime factors of 7058607?
3, 31, 71, 1069
What are the prime factors of 1947683?
1947683
List the prime factors of 481974.
2, 3, 80329
List the prime factors of 255591.
3, 7, 4057
What are the prime factors of 665294?
2, 7, 47521
List the prime factors of 14011.
14011
List the prime factors of 1783784.
2, 293, 761
List the prime factors of 41887.
41887
What are the prime factors of 4538269?
17, 266957
What are the prime factors of 761342?
2, 151, 2521
What are the prime factors of 580301?
580301
List the prime factors of 1350435.
3, 5, 197, 457
List the prime factors of 2145281.
17, 53, 2381
List the prime factors of 445970.
2, 5, 7, 23, 277
List the prime factors of 342710.
2, 5, 43, 797
List the prime factors of 285856.
2, 8933
What are the prime factors of 706355?
5, 13, 10867
List the prime factors of 26015907.
3, 283, 30643
What are the prime factors of 7205014?
2, 1063, 3389
What are the prime factors of 670762?
2, 335381
List the prime factors of 519794.
2, 11, 23627
What are the prime factors of 5387607?
3, 37, 5393
What are the prime factors of 868115?
5, 29, 5987
What are the prime factors of 335916?
2, 3, 7, 31, 43
What are the prime factors of 155316?
2, 3, 7, 43
List the prime factors of 401851.
251, 1601
What are the prime factors of 8385476?
2, 11, 190579
List the prime factors of 2393987.
2393987
List the prime factors of 4963835.
5, 347, 2861
List the prime factors of 92382.
2, 3, 89, 173
What are the prime factors of 1353219?
3, 7, 64439
What are the prime factors of 6228254?
2, 349, 8923
What are the prime factors of 337471?
41, 8231
List the prime factors of 3008362.
2, 7, 214883
What are the prime factors of 3479649?
3, 103, 11261
List the prime factors of 700700.
2, 5, 7, 11, 13
What are the prime factors of 19044505?
5, 17, 61, 3673
What are the prime factors of 7311112?
2, 913889
List the prime factors of 446455.
5, 29, 3079
List the prime factors of 272415.
3, 5, 11, 13, 127
What are the prime factors of 239159?
311, 769
What are the prime facto